ors of 1375952915.
5, 43, 727, 8803
What are the prime factors of 67183131?
3, 109, 205453
What are the prime factors of 12319061?
12319061
What are the prime factors of 3396966552?
2, 3, 7, 320953
List the prime factors of 552228986.
2, 17, 347, 46807
List the prime factors of 164420381.
2699, 60919
List the prime factors of 104659335.
3, 5, 11, 211433
What are the prime factors of 1018576409?
179, 5690371
What are the prime factors of 1951768980?
2, 3, 5, 7, 17, 4339
List the prime factors of 38393511.
3, 13, 953, 1033
List the prime factors of 176737150.
2, 5, 3534743
List the prime factors of 896566682.
2, 11, 3704821
List the prime factors of 331452825.
3, 5, 11, 17, 23633
List the prime factors of 241230274.
2, 120615137
List the prime factors of 497440353.
3, 31, 2213, 2417
What are the prime factors of 282988290?
2, 3, 5, 13, 17, 42683
What are the prime factors of 2226804?
2, 3, 185567
What are the prime factors of 221728058?
2, 31, 67, 53377
What are the prime factors of 5606678?
2, 7, 11, 743
What are the prime factors of 271313031?
3, 11, 41, 193, 1039
List the prime factors of 398883190.
2, 5, 1777, 22447
What are the prime factors of 410121352?
2, 739, 69371
What are the prime factors of 320548530?
2, 3, 5, 10684951
What are the prime factors of 813756450?
2, 3, 5, 13, 417311
List the prime factors of 872257217.
13, 73, 137, 6709
What are the prime factors of 70390133?
11, 67, 149, 641
List the prime factors of 286259468.
2, 11, 271, 24007
What are the prime factors of 80172824?
2, 1301, 7703
List the prime factors of 273482610.
2, 3, 5, 67, 359, 379
What are the prime factors of 251762388?
2, 3, 19, 1104221
What are the prime factors of 134502831?
3, 31, 59, 8171
List the prime factors of 416188444.
2, 7, 14863873
List the prime factors of 2978347219.
1283, 2321393
List the prime factors of 80177971.
877, 91423
List the prime factors of 8030992167.
3, 11, 6389, 12697
What are the prime factors of 59598424?
2, 1201, 6203
List the prime factors of 270295690.
2, 5, 7, 103, 37489
What are the prime factors of 1086237566?
2, 3881, 139943
What are the prime factors of 55312658?
2, 27656329
List the prime factors of 57256160.
2, 5, 13, 27527
What are the prime factors of 4308104706?
2, 3, 718017451
List the prime factors of 122226474.
2, 3, 29, 702451
What are the prime factors of 45631515?
3, 5, 1619, 1879
List the prime factors of 13026397.
41, 317717
What are the prime factors of 2017801676?
2, 11, 61, 113, 6653
List the prime factors of 65381922.
2, 3, 83, 107, 409
List the prime factors of 4729391416.
2, 591173927
What are the prime factors of 64161852?
2, 3, 113, 47317
List the prime factors of 74608940.
2, 5, 7, 31, 17191
What are the prime factors of 76786364?
2, 73, 97, 2711
What are the prime factors of 1444434229?
7, 101, 2043047
What are the prime factors of 111584719?
17, 137, 47911
List the prime factors of 101245003.
29, 47, 59, 1259
What are the prime factors of 467154?
2, 3, 41, 211
List the prime factors of 3120695277.
3, 7, 467, 318211
What are the prime factors of 47880096?
2, 3, 11, 45341
List the prime factors of 135648673.
73, 1858201
List the prime factors of 323043333.
3, 17, 409, 911
What are the prime factors of 4349706947?
127, 34249661
List the prime factors of 85354758.
2, 3, 4741931
List the prime factors of 12162349.
12162349
List the prime factors of 86488060.
2, 5, 563, 7681
What are the prime factors of 804687308?
2, 201171827
List the prime factors of 3163525.
5, 126541
What are the prime factors of 113051981?
7, 67, 241049
List the prime factors of 120150813.
3, 19, 2107909
What are the prime factors of 917647313?
11, 19, 4390657
List the prime factors of 607267511.
29, 389, 53831
What are the prime factors of 22680424?
2, 13, 218081
List the prime factors of 7966300.
2, 5, 29, 41, 67
List the prime factors of 88845594.
2, 3, 14807599
List the prime factors of 387107570.
2, 5, 1931, 20047
What are the prime factors of 212590794?
2, 3, 13, 23, 163, 727
List the prime factors of 56606317.
73, 107, 7247
What are the prime factors of 72144326?
2, 157, 229759
List the prime factors of 21047461.
23, 211, 4337
List the prime factors of 3267153037.
19, 9431, 18233
List the prime factors of 11164675.
5, 79, 5653
What are the prime factors of 562579674?
2, 3, 17, 1789, 3083
What are the prime factors of 83352779?
61, 97, 14087
What are the prime factors of 121641376?
2, 241, 15773
List the prime factors of 28523555.
5, 241, 23671
What are the prime factors of 201002745?
3, 5, 193, 69431
What are the prime factors of 80856722?
2, 1129, 35809
List the prime factors of 678209.
7, 13841
List the prime factors of 165488610.
2, 3, 5, 7, 788041
List the prime factors of 79125095.
5, 7, 2260717
List the prime factors of 878551750.
2, 5, 3514207
What are the prime factors of 141587709?
3, 47195903
List the prime factors of 105150046.
2, 52575023
List the prime factors of 90785343.
3, 11, 53, 51907
List the prime factors of 22954500.
2, 3, 5, 5101
What are the prime factors of 320800967?
320800967
List the prime factors of 401552072.
2, 50194009
What are the prime factors of 193519355?
5, 23, 1231, 1367
List the prime factors of 28255773.
3, 7, 13, 29, 43, 83
List the prime factors of 84337573.
23, 1091, 3361
What are the prime factors of 1674261?
3, 19, 9791
List the prime factors of 591414831.
3, 7, 1709, 1831
List the prime factors of 209929214.
2, 11, 19, 269, 1867
List the prime factors of 962952820.
2, 5, 48147641
What are the prime factors of 15795413?
1637, 9649
List the prime factors of 7038594024.
2, 3, 7, 11, 544109
What are the prime factors of 1012777312?
2, 17, 463, 4021
List the prime factors of 216215135.
5, 43243027
What are the prime factors of 62396563?
163, 382801
List the prime factors of 234842348.
2, 13, 29, 155731
What are the prime factors of 28711791?
3, 229, 13931
List the prime factors of 37745270.
2, 5, 17, 239, 929
List the prime factors of 453396138.
2, 3, 13, 73, 79627
List the prime factors of 21697953.
3, 241, 30011
What are the prime factors of 20403318?
2, 3, 13, 261581
List the prime factors of 198362680.
2, 5, 79, 62773
List the prime factors of 149273790.
2, 3, 5, 4975793
List the prime factors of 25544635.
5, 199, 25673
What are the prime factors of 3106647215?
5, 7, 88761349
List the prime factors of 2239280149.
41, 54616589
What are the prime factors of 84506034?
2, 3, 19, 89, 8329
List the prime factors of 69579370.
2, 5, 7, 23, 1879
What are the prime factors of 339594823?
339594823
List the prime factors of 120086414.
2, 7, 8577601
List the prime factors of 40486882.
2, 2333, 8677
What are the prime factors of 85501668?
2, 3, 7, 20773
What are the prime factors of 3122636890?
2, 5, 19, 137, 119963
List the prime factors of 1311741506.
2, 655870753
List the prime factors of 5854356152.
2, 19, 23, 1674587
List the prime factors of 21515156.
2, 13, 413753
List the prime factors of 82561712.
2, 607, 8501
What are the prime factors of 1801474012?
2, 13, 727, 47653
List the prime factors of 215857187.
7, 13, 83, 28579
What are the prime factors of 2097142906?
2, 37, 83, 341443
What are the prime factors of 36410247?
3, 4045583
List the prime factors of 144971472.
2, 3, 3020239
What are the prime factors of 105561810?
2, 3, 5, 227, 5167
List the prime factors of 1629386245.
5, 325877249
What are the prime factors of 770209292?
2, 43, 4477961
List the prime factors of 239391484.
2, 17, 673, 5231
List the prime factors of 2007804656.
2, 11, 13, 47, 18671
What are the prime factors of 341821388?
2, 7027, 12161
What are the prime factors of 308527951?
17, 103, 176201
What are the prime factors of 504049794?
2, 3, 4057, 20707
List the prime factors of 6742239.
3, 7, 29, 11071
What are the prime factors of 77954100?
2, 3, 5, 7, 5303
List the prime factors of 2515301800.
2, 5, 11, 503, 2273
List the prime factors of 515274574.
2, 401, 642487
What are the prime factors of 1304619002?
2, 19, 631, 54409
What are the prime factors of 5751400828?
2, 1217, 1181471
What are the prime factors of 14944607?
43, 367, 947
List the prime factors of 49488772.
2, 31, 317, 1259
List the prime factors of 4299198046.
2, 11, 13, 15032161
What are the prime factors of 11839272?
2, 3, 31, 15913
What are 